l. Let x be z(6). What is the highest common factor of x and 4?
4
Let q be (6/(-10))/((-29)/4785). Let u(y) = 30*y**3 + 4*y**2 + 2*y - 2. Let c be u(-2). Let o be (-1)/5 + c/(-25). What is the highest common factor of q and o?
9
Let m(h) = -h**3 + 4*h**2 + 2*h - 5. Suppose 0 = w - 24 + 20. Let c be m(w). Calculate the greatest common divisor of c and 69.
3
Let a(c) = 30*c**2 - 14 - 28*c**2 - 3 + 11*c. Let k be a(-9). Let v be (k + (-12)/3)*(-1)/(-3). What is the highest common divisor of 35 and v?
7
Let k = 6464 - 5376. Calculate the highest common factor of 1768 and k.
136
Suppose -2*v = 2*z - 4854, 3*z + 19*v = 15*v + 7276. Calculate the greatest common factor of z and 76.
76
Let z(i) = -i**3 + 27*i**2 - 93*i - 19. Let r be z(16). What is the greatest common factor of r and 1071?
119
Let u = 112 - 252. Let t be (1 + 1*3)/(u/490). Let g = 31 - t. What is the highest common divisor of 9 and g?
9
Let u(x) be the first derivative of -13/2*x**2 + 0*x - 1/4*x**4 - 13/3*x**3 - 5. Let p be u(-12). Calculate the highest common factor of 24 and p.
12
Suppose -3*t - t = -a + 14, -3*t - 5 = 2*a. Suppose 3*v + 4 = -a, 4*q = -2*v + 104. Calculate the highest common factor of q and 135.
27
Suppose -3*t + 7 - 96 = -4*x, -x + 5*t = -18. Suppose 0 = -20*u + x*u - 108. Calculate the greatest common factor of 630 and u.
18
Suppose 3*s = -y + 630, 8*s - 6*s - 420 = -5*y. Let a be (-4)/10 - (-10164)/s. Calculate the greatest common factor of 16 and a.
16
Let t(v) = -4*v**2 + 31*v - 11. Let z be t(7). Let w be (-540)/81*(-42)/z. Calculate the highest common factor of w and 112.
28
Suppose 6*a + 48 = 858. Let w = -137 + a. Let q be ((-265)/10 + 0)*w. What is the highest common factor of 583 and q?
53
Let q be (6*1/(-4))/(11/1034). Let l = 369 + q. What is the greatest common factor of l and 12?
12
Let n be ((-6 - 1) + 93)*3/6. Let h be 5*(0 - 2)*-1. Suppose 3*j - n = -h. What is the highest common divisor of j and 11?
11
Let a(o) = 19*o + 253. Let k be a(-13). What is the highest common factor of k and 244?
2
Suppose -2*i + 40 = -3*b, 3*i = -4*b + 2*i - 35. Let q be (-1290)/(-4) - (126/(-12) - b). What is the highest common factor of q and 17?
17
Suppose 126*v - 161975 = -29*v. What is the greatest common divisor of v and 385?
55
Suppose 2*x - 14 = -10, -3*x = 4*n - 6. Suppose n = -4*g - c + 21, -5*c - 39 = -7*g + 3*g. Calculate the greatest common divisor of 102 and g.
6
Let p = 2574 + -2566. Let y(c) = c - 12. Let s be y(10). Let q be s/(-12) + 2733/18. What is the greatest common divisor of q and p?
8
Let g = -710 + 715. Suppose 4*v - g = -3*q, 2*q - 36 + 38 = 0. Suppose 0*c + 2*c = -5*b + 100, 3*c + 21 = 2*b. What is the highest common divisor of b and v?
2
Let t(u) = 15*u**3 + 188*u**2 - 9*u - 35. Let z be t(-12). Calculate the highest common divisor of 140 and z.
35
Let g be 18/405*9*2455. Suppose 983*n - g*n = 6. What is the highest common factor of 21 and n?
3
Let m(k) = -10*k**3 - 5*k**2 - 3*k - 2. Let q be m(-3). Let z = q - 392. Let j = z - -244. Calculate the highest common divisor of 12 and j.
12
Suppose 8*c - 3096 = -0*c. Let p be 6/21 - (-1404)/84. Suppose 0 = j - 60 + p. Calculate the highest common factor of j and c.
43
Let v be (-1555)/(-20) + 1/4. Let a be (1 - 115/(-2))*(-308)/(-21). Calculate the greatest common divisor of v and a.
78
Suppose 512 = -5*t + 10*t + 2*x, -5*x = -t + 124. Let m be ((-325)/(-20)*-1)/((-1)/4). What is the greatest common divisor of t and m?
13
Let z(a) = -9*a - 78. Let x be z(-9). Let i(u) = 5*u**2 + 8*u - 13. Let q be i(x). Calculate the highest common factor of q and 64.
8
Suppose 7*o - 870 = -352. Suppose 2*k + 435 = -5*a - k, -3*k + 375 = -4*a. Let i = 127 + a. What is the greatest common divisor of i and o?
37
Let s(i) = -10*i + 29*i**2 + 2*i**2 + 12*i - 9*i**2 + 2. Let r(t) = -t + 1. Let n be r(2). Let d be s(n). What is the greatest common divisor of d and 55?
11
Suppose f + 47 = 2*h, h + 2*f + 2 = 23. Calculate the greatest common factor of 2783 and h.
23
Let m(z) = 51*z**3 + 2*z**2 - 8*z + 7. Let x be -29 + 29 + (-1 - -2). Let w be m(x). Let j be 2/8 - 519/(-4). What is the greatest common factor of w and j?
26
Suppose -2*z = 4*k - 504, -3*z + 364 = 4*k - 136. What is the highest common divisor of 1152 and k?
128
Let o(i) = i**3 + 2*i**2 - 3*i - 3. Let s be o(-2). Let p = 13 - -31. Let h = p + s. What is the greatest common divisor of 141 and h?
47
Suppose 4*x + 2*z - 785 - 21 = 0, -z = 3*x - 603. Suppose b = -3*d + 25, 5*b - 6*d + 5*d = 125. Calculate the greatest common factor of x and b.
25
Let j = 746 + -576. Calculate the highest common factor of j and 238.
34
Let v(x) = -5*x + 1. Let g be 2/(-2) - (-2)/8*-4. Let j be v(g). Let c = -3 + j. Calculate the greatest common divisor of 16 and c.
8
Suppose -11*z - 65 = -472. Calculate the highest common divisor of z and 5587.
37
Let x = -7 - -11. Let f be (12/10)/(7/(-2450)*3). Let j = f - -160. What is the highest common divisor of x and j?
4
Suppose -100*u = -98*u - 232. Suppose -81 = -2*g - g + a, 4*g - 4*a - u = 0. Calculate the greatest common factor of g and 52.
26
Let j be ((-78)/(-52))/(2/148). Let u = j + 1. Calculate the greatest common factor of 42 and u.
14
Suppose 4*m - 32 = -4*o, m - 39*o = -35*o + 48. Calculate the highest common factor of 1072 and m.
16
Let q = -98 - -143. Let m = -8343 + 8598. Calculate the greatest common divisor of m and q.
15
Let s(w) = 8*w**3 - 5*w**2 + 14*w - 7. Let m be 4*((-2)/(-10))/(32/80). Let c be s(m). What is the greatest common factor of c and 585?
65
Let r = 10 - 3. Let w be 4/(-32) + ((-363)/(-8))/3. Suppose -17*k - 5*s = -w*k + 18, -k + 5*s + 21 = 0. Calculate the greatest common factor of k and r.
1
Let m be 0/(3/(3/2)). Suppose m = 2*z - 97 - 47. Let q = -30 + 66. Calculate the highest common factor of q and z.
36
Suppose 3*h = -h + 16. Let r(i) = -7*i - 133. Let q be r(-25). Let s be q*(-4 + 90/21). What is the highest common factor of h and s?
4
Let h = 1 + -1. Suppose 838*a - 836*a + 4 = 0. Let m be 54 + a/1 + h. Calculate the highest common factor of 364 and m.
52
Suppose -1372 = -5*z + 4*o - 273, -3*o = -4*z + 878. Calculate the greatest common divisor of z and 22145.
215
Let k = -10344 - -10422. What is the greatest common divisor of k and 486?
6
Let u(n) = n**3 - 38*n**2 - 25*n + 1006. Let x be u(38). What is the greatest common divisor of 904 and x?
8
Let s(g) = g**2 + 44*g + 128. Let f(t) = 44*t + 131. Let o(u) = -2*f(u) + 3*s(u). Let z be o(-3). What is the greatest common divisor of 4 and z?
1
Let p = 2411 + -1094. Suppose -5*t - 3*k + p = 0, -2*t + 303 = k - 223. What is the greatest common factor of t and 9?
9
Suppose 5*x + 6 = 3*x. Let h(t) = -5*t - 12. Let k be h(x). Suppose -3*y - y + 3*f = -70, 0 = k*y - 3*f - 51. Calculate the highest common divisor of 209 and y.
19
Suppose -4*k + 173 = 133. Let s be (-2)/7 - 32/(-14). Suppose 2*o - 142 = s*x, 2*o - 5*o = 3*x - 207. What is the highest common factor of o and k?
10
Let q(t) = -12*t**2 + 15*t + 52. Let r(p) = 5*p**2 - 8*p - 26. Let c(u) = -2*q(u) - 5*r(u). Let x be c(10). Calculate the greatest common divisor of 260 and x.
26
Let t = -85 - -134. Let k(v) = 6 + 0*v - 3*v**2 - 47*v**3 + t*v**3 - 3*v. Let f be k(2). Calculate the highest common divisor of f and 2.
2
Suppose -4*z - 5*p + 1633 = -268, -z - 4*p = -489. Calculate the highest common factor of z and 371.
7
Suppose 0 = 7*y - 2*y - 20. Let u be (y - 1)*(0 + -2). Let v be (3 - 0)*-28*5/u. Calculate the highest common factor of v and 28.
14
Let x be (462/(-110))/(((-6)/20)/1). Let r be 4482/x - (-17)/(-119). Calculate the greatest common factor of r and 128.
64
Let c = 187 - 122. Suppose 2*m = z + 2, -3*z + m + c = -8*z. Let f be (-2 + z/8)*-12. Calculate the greatest common factor of 63 and f.
21
Let j = 25421 - 25352. Calculate the highest common divisor of j and 37.
1
Let f(q) = -113*q + 1094. Let y be f(9). What is the highest common factor of y and 3773?
77
Let n be (4/14)/2 - 48472/(-511). What is the highest common divisor of 155 and n?
5
Suppose 3*w - 4 + 96 = 4*o, 2*o - 60 = 2*w. Let d be w/12*-3*1. Let v(j) = 7*j - 77. Let f be v(22). What is the greatest common factor of d and f?
7
Let j = -48192 + 64411. Calculate the highest common divisor of 331 and j.
331
Let w be (0 - 